{"id":983,"date":"2015-02-27T10:55:09","date_gmt":"2015-02-27T09:55:09","guid":{"rendered":"http:\/\/holzmair.org\/ligsalz\/?page_id=8"},"modified":"2022-11-05T13:15:12","modified_gmt":"2022-11-05T12:15:12","slug":"termine","status":"publish","type":"page","link":"https:\/\/ligsalz8.de\/index.php\/termine\/","title":{"rendered":"Regelm\u00e4\u00dfige Termine"},"content":{"rendered":"<div class=\"entry-content\">\n<div><strong>hier findet ihr alle diejenigen Dinge, die sich immer wiederholen ohne zur Tradition zu werden\u2026weitere Termin, auch bei uns findet ihr bei <a href=\"http:\/\/www.kalinka-m.org\/\">Kalinka<\/a><br \/><\/strong><\/div>\n<div>\u00a0<\/div>\n<\/div>\n<div>\u00a0<\/div>\n<div><a href=\"https:\/\/ligsalz8.de\/wp-content\/uploads\/2022\/11\/cafeglobal.logo_.png\"><img loading=\"lazy\" decoding=\"async\" class=\" wp-image-2314 alignleft\" src=\"https:\/\/ligsalz8.de\/wp-content\/uploads\/2022\/11\/cafeglobal.logo_-300x300.png\" alt=\"\" width=\"248\" height=\"248\" \/><\/a><em><strong>Caf\u00e9 Global<\/strong><\/em><\/div>\n<div class=\"date\">\u00a0<\/div>\n<div>Jeden dritten Freitag im Monat organisiert <a href=\"https:\/\/www.instagram.com\/muenchen_international\/\" target=\"_blank\" rel=\"noopener noreferrer\">M\u00fcnchen International<\/a> das Caf\u00e9 Global. Mit G\u00e4st*innen, Filmen, Lesungen und anderen Formaten werden verschiedene K\u00e4mpfe in der Welt in die Ligsalz8 gebracht und diskutiert. Nach einem Themen-Input gibt es lecker K\u00fcfa.<\/div>\n<div>\u00a0<\/div>\n<div><strong>Wann<\/strong>: Jeden dritten Freitag im Monat<\/div>\n<div><strong>Beginn<\/strong>: 19:00 Uhr<\/div>\n<div>\u00a0<\/div>\n<div class=\"entry-content\"><hr \/><\/div>\n<p><img loading=\"lazy\" decoding=\"async\" class=\"size-medium wp-image-1498 alignleft\" src=\"http:\/\/ligsalz8.de\/wp-content\/uploads\/2018\/01\/SyndikatsStammtisch-e1516614040796-300x170.png\" alt=\"\" width=\"300\" height=\"170\" \/><\/p>\n<p><em><strong>Mietsh\u00e4user Syndikat f\u00fcr alle! Offenes Beratungstreffen f\u00fcr Interessierte.<br \/><\/strong><\/em><\/p>\n<p>Beim Syndikatsstammtisch stellen wir in der Ligsalz8 das Mietsh\u00e4user Syndikat vor.\u00a0 Vom Syndikatsneuling bis zum alten Hasen ist jeder willkommen. Falls Ihr Lust habt ein eigenes Syndikatshaus zu gr\u00fcnden oder etwas \u00fcber die Finanzierung bzw. den Ablauf einer Hausgr\u00fcndung zu erfahren seit ihr hier richtig.<\/p>\n<p><em>Termine werden noch bekannt gegeben<\/em>.<\/p>\n\n\n<hr class=\"wp-block-separator is-style-wide\"\/>\n\n\n\n<p><\/p>\n","protected":false},"excerpt":{"rendered":"<p>hier findet ihr alle diejenigen Dinge, die sich immer wiederholen ohne zur Tradition zu werden\u2026weitere Termin, auch bei uns findet ihr bei Kalinka \u00a0 \u00a0 Caf\u00e9 Global \u00a0 Jeden dritten Freitag im Monat organisiert M\u00fcnchen International das Caf\u00e9 Global. Mit G\u00e4st*innen, Filmen, Lesungen und anderen Formaten werden verschiedene K\u00e4mpfe in der Welt in die Ligsalz8&#8230;<\/p>\n","protected":false},"author":1,"featured_media":0,"parent":0,"menu_order":0,"comment_status":"closed","ping_status":"closed","template":"","meta":{"footnotes":""},"class_list":["post-983","page","type-page","status-publish","hentry"],"_links":{"self":[{"href":"https:\/\/ligsalz8.de\/index.php\/wp-json\/wp\/v2\/pages\/983","targetHints":{"allow":["GET"]}}],"collection":[{"href":"https:\/\/ligsalz8.de\/index.php\/wp-json\/wp\/v2\/pages"}],"about":[{"href":"https:\/\/ligsalz8.de\/index.php\/wp-json\/wp\/v2\/types\/page"}],"author":[{"embeddable":true,"href":"https:\/\/ligsalz8.de\/index.php\/wp-json\/wp\/v2\/users\/1"}],"replies":[{"embeddable":true,"href":"https:\/\/ligsalz8.de\/index.php\/wp-json\/wp\/v2\/comments?post=983"}],"version-history":[{"count":27,"href":"https:\/\/ligsalz8.de\/index.php\/wp-json\/wp\/v2\/pages\/983\/revisions"}],"predecessor-version":[{"id":2316,"href":"https:\/\/ligsalz8.de\/index.php\/wp-json\/wp\/v2\/pages\/983\/revisions\/2316"}],"wp:attachment":[{"href":"https:\/\/ligsalz8.de\/index.php\/wp-json\/wp\/v2\/media?parent=983"}],"curies":[{"name":"wp","href":"https:\/\/api.w.org\/{rel}","templated":true}]}}

Regelmäßige Termine

<div class="entry-content">
<div><strong>hier findet ihr alle diejenigen Dinge, die sich immer wiederholen ohne zur Tradition zu werden…weitere Termin, auch bei uns findet ihr bei <a href="http://www.kalinka-m.org/">Kalinka</a><br /></strong></div>
<div> </div>
</div>
<div> </div>
<div><a href="https://ligsalz8.de/wp-content/uploads/2022/11/cafeglobal.logo_.png"><img loading="lazy" decoding="async" class=" wp-image-2314 alignleft" src="https://ligsalz8.de/wp-content/uploads/2022/11/cafeglobal.logo_-300x300.png" alt="" width="248" height="248" /></a><em><strong>Café Global</strong></em></div>
<div class="date"> </div>
<div>Jeden dritten Freitag im Monat organisiert <a href="https://www.instagram.com/muenchen_international/" target="_blank" rel="noopener noreferrer">München International</a> das Café Global. Mit Gäst*innen, Filmen, Lesungen und anderen Formaten werden verschiedene Kämpfe in der Welt in die Ligsalz8 gebracht und diskutiert. Nach einem Themen-Input gibt es lecker Küfa.</div>
<div> </div>
<div><strong>Wann</strong>: Jeden dritten Freitag im Monat</div>
<div><strong>Beginn</strong>: 19:00 Uhr</div>
<div> </div>
<div class="entry-content"><hr /></div>
<p><img loading="lazy" decoding="async" class="size-medium wp-image-1498 alignleft" src="http://ligsalz8.de/wp-content/uploads/2018/01/SyndikatsStammtisch-e1516614040796-300x170.png" alt="" width="300" height="170" /></p>
<p><em><strong>Mietshäuser Syndikat für alle! Offenes Beratungstreffen für Interessierte.<br /></strong></em></p>
<p>Beim Syndikatsstammtisch stellen wir in der Ligsalz8 das Mietshäuser Syndikat vor.  Vom Syndikatsneuling bis zum alten Hasen ist jeder willkommen. Falls Ihr Lust habt ein eigenes Syndikatshaus zu gründen oder etwas über die Finanzierung bzw. den Ablauf einer Hausgründung zu erfahren seit ihr hier richtig.</p>
<p><em>Termine werden noch bekannt gegeben</em>.</p>


<hr class="wp-block-separator is-style-wide"/>



<p></p>

<p>hier findet ihr alle diejenigen Dinge, die sich immer wiederholen ohne zur Tradition zu werden…weitere Termin, auch bei uns findet ihr bei Kalinka     Café Global   Jeden dritten Freitag im Monat organisiert München International das Café Global. Mit Gäst*innen, Filmen, Lesungen und anderen Formaten werden verschiedene Kämpfe in der Welt in die Ligsalz8&#8230;</p>
